) = 67916*s + 2309151. Determine f(-34).
7
Let t(m) = 269062*m + 3497828. What is t(-13)?
22
Let w(o) = o**3 - 124*o**2 + 459*o - 292. Determine w(3).
-4
Let l(q) = 376061*q + 1880304. Calculate l(-5).
-1
Let t(c) = -2*c**3 - 243*c**2 - 228*c - 12980. What is t(-121)?
-33
Let z(k) = -5*k**2 - 4705*k - 46706. Give z(-10).
-156
Let i(u) = -13*u**3 - 28*u**2 + 72*u + 18. What is i(-4)?
114
Let a(h) = 4*h**3 + 274*h**2 - 1157*h - 26. What is a(4)?
-14
Let a(z) = 4*z**2 - 253*z + 3056. What is a(47)?
1
Let v(y) = 107*y**2 - 4660*y - 22863. Determine v(48).
-15
Let q(v) = -v**2 - 1078*v + 157034. Determine q(130).
-6
Let t(l) = l**3 + 137*l**2 - 156*l - 2472. Give t(-138).
12
Let p(k) = 7156*k + 479417. What is p(-67)?
-35
Let o(d) = -d**2 - 7829*d - 62568. What is o(-8)?
0
Let u(k) = -17*k**3 - 4129*k**2 + 12380*k + 1. What is u(3)?
-479
Let b(t) = 13*t**2 + 447*t + 9050. Determine b(-20).
5310
Let v(l) = 457*l**2 + 52554*l - 139. What is v(-115)?
-24
Let z(p) = -2*p**3 - 123*p**2 + 295*p - 713. Calculate z(-64).
887
Let r(a) = -3*a**2 + 158*a - 2013. What is r(35)?
-158
Let k(a) = -a**2 + 3616*a - 36210. What is k(10)?
-150
Let m(g) = -2*g**3 - 25*g**2 + 545*g - 132. Determine m(-24).
36
Let k(r) = -1504*r + 341151. Determine k(227).
-257
Let u(j) = 152*j + 13060. Calculate u(-86).
-12
Let q(c) = -3*c**3 + 3*c**2 - 173*c + 550. Give q(4).
-286
Let t(a) = -322*a - 74375. What is t(-231)?
7
Let q(t) = 12055*t - 276683. Determine q(23).
582
Let y(j) = 7*j**2 - 1228*j + 8308. Determine y(7).
55
Let a(l) = 81*l**3 - 15*l**2 - 36*l - 5. Calculate a(-2).
-641
Let k(j) = j**3 + 39*j**2 + 360*j + 226. Calculate k(-30).
-2474
Let j(i) = -3*i**3 - 29*i**2 - 216*i - 2309. What is j(-10)?
-49
Let v(l) = -l**3 - 195*l**2 - 2224*l - 2624. Calculate v(-183).
2500
Let x(y) = -29*y**2 + 869*y - 4290. What is x(6)?
-120
Let k(d) = -3*d**3 + 521*d**2 - 1611*d + 214. What is k(3)?
-11
Let z(f) = 85761*f - 343057. What is z(4)?
-13
Let g(m) = -3*m**2 + 9090*m - 4868468. Determine g(695).
7
Let u(t) = -47734*t + 190925. Determine u(4).
-11
Let w(k) = -3*k**2 + 4379*k - 8764. What is w(2)?
-18
Let y(s) = s**2 + 559*s - 59145. What is y(91)?
5
Let w(q) = q**3 + 8*q**2 - 22*q + 754. Calculate w(-14).
-114
Let v(o) = -o**3 - 227*o**2 - 662*o + 1116. Calculate v(-224).
-1124
Let n(y) = -y**3 - 1363*y**2 - 39975*y + 436. Calculate n(-30).
-14
Let o(t) = -2*t**3 + 103*t**2 - 1330*t + 169. Give o(24).
-71
Let g(s) = -7079*s - 149924. Determine g(-21).
-1265
Let k(z) = -1109*z + 74291. Calculate k(67).
-12
Let g(k) = 4*k**3 - 186*k**2 + 98*k - 289. What is g(46)?
-13
Let u(w) = 12*w**2 - 156*w + 871. Give u(8).
391
Let g(q) = 29058*q + 203446. Give g(-7).
40
Let d(r) = 517*r + 67721. Determine d(-131).
-6
Let h(t) = -23*t**2 + 1022*t + 773. Give h(45).
188
Let u(k) = -928*k**2 - k + 5. Determine u(1).
-924
Let g(h) = 6*h**2 - 5308*h - 37447. What is g(-7)?
3
Let b(m) = -2*m**3 + 28*m**2 + 1038*m - 15080. Determine b(15).
40
Let k(q) = -q**3 - 125*q**2 + 135*q + 635. Give k(-126).
-499
Let d(q) = q**3 + 249*q**2 - 2322*q - 55. Give d(-258).
-55
Let u(d) = -5086*d - 40856. Determine u(-8).
-168
Let x(n) = n**3 - 108*n**2 - 31309*n + 261. Calculate x(-131).
261
Let u(h) = -447*h + 3005. What is u(7)?
-124
Let x(n) = 369790*n - 369780. What is x(1)?
10
Let x(b) = 94*b**2 + 15978*b - 343. Calculate x(-170).
-3
Let z(j) = 1507*j + 290428. Give z(-193).
-423
Let l(g) = g**3 - 4*g**2 + 190588*g - 762360. Determine l(4).
-8
Let h(f) = -23674*f - 449819. What is h(-19)?
-13
Let x(d) = 135880*d - 271754. Determine x(2).
6
Let v(u) = -1051188*u + 8409490. Give v(8).
-14
Let y(o) = 3*o**2 - 5*o - 47. Calculate y(5).
3
Let t(m) = 8*m**2 + 642*m + 1257. What is t(-82)?
2405
Let k(v) = -v**3 + 5*v**2 + 2954*v - 11847. What is k(4)?
-15
Let f(r) = 2*r**3 + 34*r**2 - 217*r - 2960. Calculate f(-20).
-1020
Let b(l) = 1705*l - 4743. What is b(3)?
372
Let h(u) = 5*u**3 - 35*u**2 + 89*u - 20. Determine h(7).
603
Let g(f) = -173*f - 3712. Determine g(-15).
-1117
Let d(i) = 13*i**3 + 13025*i**2 - 1002*i + 15. Calculate d(-1002).
15
Let i(n) = n**2 - 82*n + 1491. Calculate i(26).
35
Let n(w) = -25*w**2 - 1670*w + 62. What is n(-67)?
-273
Let u(b) = b**3 + 12*b**2 - 436095*b - 3489021. Determine u(-8).
-5
Let i(w) = 2*w**2 + 147*w - 899. What is i(6)?
55
Let l(y) = 15272*y + 351265. Determine l(-23).
9
Let a(j) = -18*j**3 + 29*j**2 + 132*j + 2. What is a(-2)?
-2
Let v(f) = -2*f**3 + 54*f**2 + 16*f + 34. Determine v(28).
-1086
Let n(j) = -29496*j - 442498. Calculate n(-15).
-58
Let a(k) = -2*k**3 - 399*k**2 - 10432*k + 85. What is a(-31)?
-380
Let p(w) = 31*w + 632. Calculate p(-16).
136
Let a(q) = -4*q**3 + 6*q**2 - 3*q - 52. What is a(10)?
-3482
Let q(c) = -18*c**2 - 1444*c - 3112. Give q(-78).
8
Let y(i) = 11010*i - 44074. Give y(4).
-34
Let m(z) = z**2 + 7547*z - 45315. Give m(6).
3
Let h(d) = -d**3 - 36*d**2 + 114*d - 206. Determine h(-39).
-89
Let t(i) = -i**3 - 52*i**2 - i - 2877. What is t(-53)?
-15
Let l(v) = 8*v**2 - 1679*v + 85219. Give l(86).
-7
Let d(s) = 45524*s - 136469. Calculate d(3).
103
Let g(x) = 125*x - 1888. Give g(26).
1362
Let t(f) = 3*f**3 + 23*f**2 - 55325*f - 442515. Calculate t(-8).
21
Let x(h) = h**3 - 581*h**2 + 38751*h + 28713. Give x(504).
-15
Let w(n) = -43*n + 1401. Determine w(49).
-706
Let b(t) = 2*t**2 - 5899*t - 166739. Determine b(-28).
1
Let p(u) = 1945*u - 3685. Give p(2).
205
Let w(v) = -v**3 + 17*v**2 - 32*v - 89. What is w(12)?
247
Let w(n) = n**3 - 52*n**2 - 667*n - 1639. Give w(63).
-1
Let t(f) = 2*f**3 + 56*f**2 - 477*f - 1873. What is t(-3)?
8
Let l(a) = -143*a**2 - 2290*a - 10. Calculate l(-15).
2165
Let l(q) = 2*q**3 + 3306*q**2 + 32*q + 52897. Calculate l(-1653).
1
Let h(d) = -33554*d**2 + 33567*d - 3. Calculate h(1).
10
Let k(z) = -13*z**2 + 595*z + 12930. Determine k(-17).
-942
Let q(g) = -2*g**2 - 660*g - 33709. What is q(-267)?
-67
Let a(f) = -2*f**2 + 2815*f - 30730. What is a(11)?
-7
Let f(g) = -103*g**2 - 5552*g + 481. What is f(-54)?
-59
Let a(c) = -43574*c + 943. Determine a(0).
943
Let m(o) = -o**2 + 1845*o - 462261. Determine m(299).
-7
Let b(p) = 117*p**2 + 763*p - 67. What is b(-10)?
4003
Let j(s) = -s**3 - 177*s**2 + 5028*s - 4405. Calculate j(-202).
39
Let r(n) = 99*n + 11678. Determine r(-104).
1382
Let p(k) = -33585*k - 268777. Calculate p(-8).
-97
Let o(p) = 123*p - 2821. Calculate o(18).
-607
Let f(q) = 2*q**3 + 115*q**2 + 1313*q + 5512. Give f(-44).
12
Let y(p) = 127853*p + 127851. Give y(-1).
-2
Let y(f) = -9*f**2 - 68*f - 286. Determine y(-4).
-158
Let g(c) = -1417*c + 5786. What is g(4)?
118
Let a(h) = 2*h**3 + 100*h**2 + 792*h - 46. Calculate a(-10).
34
Let u(f) = 7*f**3 - 4750*f**2 + 2665*f + 31870. What is u(678)?
4
Let m(u) = 25872*u - 776136. Calculate m(30).
24
Let n(k) = -k**2 - 106*k + 1999. Give n(17).
-92
Let b(g) = 333084*g + 999054. Give b(-3).
-198
Let v(p) = 3339*p**2 + 5*p + 17. Determine v(0).
17
Let w(b) = -218*b**2 - 464*b - 920. Give w(-2).
-864
Let z(r) = r**3 + 90*r**2 + 18696*r + 1656027. Determine z(-89).
4
Let z(g) = g**3 - 577*g**2 + 6918*g - 3652984. Give z(576).
8
Let x(z) = -37*z**3 + 7*z**2 - 10*z + 12. Determine x(3).
-954
Let o(b) = 12*b**2 + 52685*b + 158049. What is o(-3)?
102
Let d(q) = 62*q**3 + 4*q**2 + 2634*q + 5261. Give d(-2).
-487
Let y(x) = -47*x**2 - 10744*x - 32238. Determine y(-3).
-429
Let k(c) = 2*c**3 - c**2 + 691*c - 1381. Determine k(2).
13
Let o(b) = -14*b**2 + 86*b - 25. Give o(7).
-109
Let s(t) = -t**3 + 19*t**2 + 1815*t - 24588. Give s(13).
21
Let l(n) = -8451*n - 2509974. Determine l(-297).
-27
Let u(q) = -3292*q - 991064. Give u(-301).
-172
Let k(g) = 131*g**2 + 15457*g - 109. Give k(-118).
9
Let o(i) = 2*i**3 + 3*i**2 - 405*i - 1536. Calculate o(-4).
4
Let g(n) = 3*n**3 - 3*n**2 - 129*n + 217. What is g(7)?
196
Let r(d) = -376*d**2 - 20308*d - 233. Give r(-54).
-17
Let t(m) = m**2 + 16585*m + 5427833. Calculate t(-334).
-1
Let k(z) = -41*z**2 - 948*z - 1018. Calculate k(-22).
-6
Let d(i) = -192*i**2 + 3257*i + 78. Determine d(17).
-41
Let p(b) = 2*b**3 + 121*b**2 - 1301*b - 75631. Give p(-61).
9
Let i(v) = 3549414*v - 42592968. Calculate i(12).
0
Let n(q) = 3*q**2 - 1473*q + 124906. Calculate n(109).
-8
Let a(q) = -163*q**2 - 830*q + 1. Calculate a(-5).
76
Let r(p) = -p**2 